digit of o?
1
Suppose -5*q + 9 = -1, 0 = 5*k - 3*q - 744. Suppose -523*t + 152 = -522*t. Suppose -k*p = -t*p + 240. What is the tens digit of p?
2
What is the units digit of (-33)/((3/156)/((-7)/126))*96?
2
Let u be (-520)/(-44) - (6/(-33) - 0). What is the units digit of (-56)/(-14)*1119/u?
3
Let m = -173 + 176. Suppose 5*j + m*a - 2715 = 8*a, -2*j = a - 1077. What is the hundreds digit of j?
5
Suppose 2 = -6*q + 7*q. Suppose -b = q*b - 12. Suppose 0 = -4*y - b*y + 736. What is the tens digit of y?
9
Let s be (28/56)/(2/8). Suppose 5*c + 0*d - 5*d - 15 = 0, 0 = 3*c - s*d - 11. Suppose -630 = -5*u - c*u. What is the units digit of u?
3
Let g(u) = 324*u**2 - 16. Let k be g(-3). Let s = -1755 + k. What is the tens digit of s?
4
Let b(h) = h**3 - 23*h**2 + 3. Let i be b(23). Let w be i/2 - 975/6. Let n = -99 - w. What is the tens digit of n?
6
Suppose -522815 = -64*m + 923649. What is the hundreds digit of m?
6
Let h(s) = 285*s + 50. Let r(d) = -6*d**2 + 31*d - 1. Let t be r(5). What is the tens digit of h(t)?
9
Let t = 93 + -99. What is the units digit of 439/((-4)/24*t)?
9
Let a(c) = c**3 + 3*c**2 - 8*c + 4. Let k = -51 - -46. Let g be a(k). What is the units digit of g + (-9)/(-3) - -113?
0
Suppose 11254 = -4*x + 8*x + 2*i, 25 = 5*i. What is the tens digit of x?
1
Suppose 10*c = 2*g + 5*c + 14, 4*g = 5*c - 8. Suppose g*z - 3*p = -2*p + 2924, 1931 = 2*z + 3*p. What is the tens digit of z/14 + (-2)/(-4)?
7
What is the units digit of 5/(-3) + ((-6250288)/(-132) - -46)?
5
Suppose -4*o - 20 = -4*i, 0 = i + 5*o - 11 + 6. Suppose i*m = -29 + 544. What is the tens digit of m?
0
Let q(p) = p**2 + 10*p + 10. Let h be q(-9). Let j(l) = 598*l**3 - 2*l**2 + 2. What is the hundreds digit of j(h)?
5
Let p be (0/(-2))/((-10)/5). Let g be (-6)/(-10) + (-54)/(-10). What is the hundreds digit of 18*6 - p/g?
1
Suppose 42*b = 556599 + 939819. What is the ten thousands digit of b?
3
Suppose -29*l + 30*l = -y + 14123, -3*l = -3*y - 42327. What is the thousands digit of l?
4
What is the thousands digit of (44/(-1782)*-27)/((-2)/(-41892))?
3
Let i(t) = -t**2 - 13*t + 30. Let x be i(-15). Suppose 2*c + 4*v - 872 = x, -3*c - v + 1969 = 681. What is the hundreds digit of c?
4
Let p = -149 + 5901. What is the units digit of p?
2
What is the tens digit of (275/(-33) + 7)/((-20)/231405)?
2
What is the tens digit of 802896/903 + (22/42 - (-4)/(-6))?
8
Let w be 1/((12/(-9558))/(-2)). Let g = w - 848. What is the units digit of g?
5
Let o be (-21 - 6)/((-5)/(-30)). What is the tens digit of (23/2)/((-3)/o)?
2
Let l(m) = 15*m**2 + 133*m + 125. What is the ten thousands digit of l(-38)?
1
Let d(o) = 48*o - 57. Let z be d(6). Suppose -5*w + 904 = -z. What is the tens digit of w?
2
Let r(x) = x**3 + 4*x**2 + 5. Let i be r(-4). Suppose -5*d - 2805 = 5*l - 0*l, -15 = i*d. What is the units digit of l/(-4)*24/18?
6
Suppose -a + 3*a - 5*r - 23 = 0, 5*r = 3*a - 32. Let n = -4 + a. Suppose -3*f - f + 26 = v, f = -n*v + 111. What is the units digit of v?
2
Let i = 103 - 103. Let k = -7 + 10. Let m = i + k. What is the units digit of m?
3
Suppose -184*g + 86299 = -165*g - 285322. What is the thousands digit of g?
9
Let c(x) = x**2 - 16*x - 3. Suppose -65 = -4*p - 3*g, 0 = 3*p - 4*g - 58 + 3. What is the units digit of c(p)?
4
Let r = -8825 - -16585. What is the thousands digit of r?
7
Let z(r) = -r**2 - 109*r + 393. What is the tens digit of z(-51)?
5
Let g(v) = -11*v + 1. Let j be g(-5). Suppose 46*n - j*n = -4040. What is the units digit of n?
4
Suppose -152*h = -155*h + 12. Suppose 0 = -2*m - m + 510. Suppose -h*f = m - 642. What is the units digit of f?
8
Let d = 7603 + -631. What is the hundreds digit of d?
9
Let f = 256 - 224. Suppose -2*y = -164 - f. What is the tens digit of y?
9
Let l be 54/(-2) + 0/1. Let a be ((-22)/(-33))/((-2)/l). Suppose -3*q = -24 - a. What is the tens digit of q?
1
Let y(a) = -1428*a + 1377. What is the thousands digit of y(-12)?
8
Suppose 2*t - 53 = -2*r + t, -r + 2*t + 14 = 0. Suppose r*p - 297 = 21*p. What is the tens digit of p?
9
Let c = 194179 - 138393. What is the hundreds digit of c?
7
Let z(n) be the first derivative of -n**3/3 + 4*n - 22. Let x be z(2). Suppose 2*r = 3*t - 121, -4*t + 2*r + 0*r + 162 = x. What is the units digit of t?
1
Let o(j) = -j**3 - j**2 + 7*j + 4. Let w be o(-6). Suppose -3*b = -8*b - 75. Let t = b + w. What is the units digit of t?
7
What is the tens digit of (4927247/130 - 3) + (-1)/(-10)?
9
Let k = -21219 - -29770. What is the hundreds digit of k?
5
Suppose -2*p = -0*p - 3*c + 415, 3*c + 3 = 0. Let v(m) = -m**2 + m + 293. Let o be v(0). Let i = o + p. What is the units digit of i?
4
Let z(s) = s + 55. Let m be z(-11). Let n = m - 30. What is the units digit of 22 - 7/(n/(-4))?
4
Suppose 3*c + 10 = 13. Let l be c/(3/(-30)) + -2. Let h = l + 91. What is the tens digit of h?
7
What is the ten thousands digit of ((350/125)/((-8)/(-830)))/(5/530)?
3
Let g(j) be the second derivative of 7*j**3/3 - 35*j**2/2 - 9*j + 2. What is the units digit of g(14)?
1
Let l(n) = 4*n + 36. Let a be l(7). Suppose 4*x - a = -4*b, -4*b - 2*x = -7*x - 55. Suppose 92 = -13*u + b*u. What is the tens digit of u?
4
Suppose v - a + 3*a = -12, -v - 3*a - 15 = 0. What is the units digit of (-5)/(-30) - 2327/v?
8
Let v(d) = 18*d**3 - d**2 - 5*d - 5. Let s be v(-2). Let l = s + 635. Suppose 23*m = 20*m + l. What is the tens digit of m?
6
Suppose -i + 11*a + 469 = 8*a, -3*a = 3*i - 1431. What is the hundreds digit of (i/(-1425))/(1/(-1278) - 0)?
4
Let u(x) = 167*x**2 + 1354*x + 32. What is the tens digit of u(-13)?
5
Let z be (-2)/(-6) - (-6)/(-18). Suppose 0 = -4*s - z*s + 16. Suppose s*l = -5*j + 205, 110 = 3*l + 4*j - 9*j. What is the tens digit of l?
4
What is the units digit of (-2 + 465/(-2))/((-57)/114)?
9
Let z = -8245 - -26541. What is the tens digit of z?
9
Let m(t) = -3*t + 1. Let b be m(7). Suppose -4480*n - 56 = -4494*n. What is the tens digit of 4 - (n/b + (-534)/5)?
1
Suppose -3*g = -8 - 34. Let r(t) = 42*t - 91. What is the units digit of r(g)?
7
Let g(l) = -2*l - 6. Let v be 3/9 - (-26)/(-6). Let d be g(v). Suppose 3*r = d*h - 248, -4*h - r = -0*r - 524. What is the hundreds digit of h?
1
Let n = -6 + -72. Let u = n + 76. What is the tens digit of (1/u + 1695/(-50))*-5?
7
Suppose 7*x - 3*k - 557 = 5*x, 5*x + 3*k = 1424. What is the tens digit of x?
8
Let p be ((-6)/8*2159)/((-22)/88). Suppose 14*g = -3*g + p. What is the tens digit of g?
8
Let f(p) = -4442*p + 12023. What is the tens digit of f(-11)?
8
Let h be (-10)/((-500)/48970) + 2/(-5). Suppose 41 + h = 6*m. What is the tens digit of m?
7
Let g(p) = p**2 - 8*p + 59. Let x be g(-13). What is the hundreds digit of x + (-42)/28*2/3?
3
Let x = -46 - -48. Let d(u) = -5 - 3*u - 36*u**2 - 41*u**2 + 83*u**x. What is the units digit of d(-3)?
8
Suppose 0 = 5*o - 4*x - 464, -2*o - 4*x + 3*x + 196 = 0. Suppose -o*v = -75*v - 11655. What is the units digit of v?
5
Let p(x) = -x**2 - 5*x + 85. Suppose 0 = -3*c - z - 20, 5*c - 2*c = 5*z - 26. What is the tens digit of p(c)?
7
Let w be ((-14)/9)/(-7) - (-366)/54. Suppose u + w*u = 6792. What is the units digit of u?
9
Let i be 5/3 + (-993630)/(-198). Suppose -13*s = -3*s - i. What is the tens digit of s?
0
Let s be (-196)/(-68) + (-2)/(-17). Suppose -3*x + 751 = 5*v, -v - s*v = 2*x - 498. What is the units digit of x?
7
Suppose 2*u + q = 11, -4*u + 3*q = q - 26. Suppose 2*i - 5*j = -i - 7681, 2*j = 2*i + 5114. What is the hundreds digit of i/(-24) - (-4)/u?
1
Suppose 18*h = 15*h + s + 66633, 2*h + s - 44417 = 0. What is the thousands digit of h?
2
Let g = 767 - 755. Let b(c) = 14*c**2 - 24*c + 228. What is the tens digit of b(g)?
5
Let c = -2537 + 14646. What is the units digit of c?
9
Let s(f) = 10*f - 157. Let y be s(16). Let n = 0 - -82. Suppose 5*v + 17 = r, y*r - v = -n + 203. What is the tens digit of r?
4
Suppose a = -3*g + 21, a - 1 = 4*g + 20. Suppose 1604 = -a*k + 6686. What is the hundreds digit of k?
2
Let u(c) = c**3 - 11*c**2 + 5*c + 1. Let b be u(11). Let t be (-40)/(-14) + 8/b. Suppose 2*j = -3*j + 20, -t*i + 537 = 3*j. What is the tens digit of i?
7
Let g = 1576 + 11745. What is the hundreds digit of g?
3
Let c(a) = 28. Let q(m) = m - 140. Let g(o) = -11*c(o) - 2*q(o). Let w be g(-14). Suppose w = -z + 14 + 14. What is the ten